 What is the greatest common divisor of 47 and z?
47
Let o(h) = h**3 + 8*h**2 + 3*h + 14. Let i be o(-7). What is the highest common factor of i and 42?
42
Let s = -55 + 100. Let i = 65 - s. What is the greatest common factor of 8 and i?
4
Suppose -4*o - 20 = 0, 2*c + 11*o - 13*o = 18. Let d = -1 + 11. What is the greatest common divisor of c and d?
2
Suppose -x = s - 10, -4*x = -s - s - 46. Calculate the highest common factor of x and 66.
11
Suppose 5*i - 3*i - n - 22 = 0, 27 = 3*i - 3*n. What is the greatest common factor of i and 91?
13
Suppose 39*b = 35*b + 152. Calculate the greatest common factor of 57 and b.
19
Suppose 5*z + 5 = 0, 0 = 5*t - t + 4*z - 12. Calculate the highest common factor of t and 28.
4
Suppose 2*y + 94 = 534. Calculate the highest common divisor of y and 20.
20
Suppose 99 = 5*o - 8*o + 3*w, 159 = -5*o + 2*w. Let r = o - -51. Let v = 17 - 7. What is the highest common divisor of r and v?
10
Let y be 2/(-2) - (6 + -9). Let x(i) = i**3 + 4*i**2 - 6*i - 6. Let m be x(-4). Calculate the greatest common factor of y and m.
2
Let u = 286 - 166. Let w = 133 - 85. Calculate the highest common divisor of w and u.
24
Suppose -2*q = -5*j - 56, 2*q + 3*q - 2*j - 98 = 0. What is the highest common divisor of 18 and q?
18
Let n be (-5)/10 + 254/4. Calculate the highest common factor of n and 7.
7
Suppose -i + 0*i = -2*p + 9, 5*p = -4*i + 3. Suppose -p*j = j - 72. Suppose 2*c + 1 = 5, 0 = 2*r - 2*c - j. Calculate the highest common divisor of r and 77.
11
Suppose 4*h = c + 17, c = -0*h - 4*h + 23. Suppose q = -c*q + 20. Suppose q*w = 3*w + 12. What is the greatest common factor of 48 and w?
6
Let t be ((-31)/2)/(9/(-18)). Let m = 1 + t. Calculate the highest common divisor of m and 16.
16
Let m be (2 - 4) + -2 + 28. Let f(x) = -x**2 + 4*x + 4. Let b be f(5). Let r = b - -4. What is the greatest common divisor of r and m?
3
Let k be (9/(-6))/((-3)/30). Let p(s) = 20*s. Let n be p(3). Calculate the greatest common divisor of k and n.
15
Let t(k) = 65*k + 1. Let l be t(1). What is the greatest common divisor of 6 and l?
6
Suppose l - 3 - 22 = 0. Let m be (90/(-6))/((-18)/12). Calculate the greatest common divisor of m and l.
5
Let z(d) = -d - 2. Let a be z(-5). Suppose -4*q - p = -a*q - 61, 3*q - 177 = 3*p. Calculate the greatest common divisor of q and 12.
12
Let y(a) = 2*a - 3. Let w be y(8). Let x be (-3)/(9/51) + 3. Let z be 2/7 - 906/x. What is the greatest common factor of z and w?
13
Let s be ((-1)/2)/((-1)/40). What is the greatest common divisor of 30 and s?
10
Let g be (-9*1)/((-7)/49). What is the highest common divisor of g and 7?
7
Let o(m) = -m**3 + 3*m**2 - 2*m. Let i be o(-3). Let f(s) = -s**3 + 14*s**2 - 12*s + 2. Let j be f(13). What is the greatest common divisor of i and j?
15
Suppose 3*y = h - 10, 0 = -2*h + 4*y - 3*y - 5. Let w = h - -5. Suppose 2*t - b = -t + 166, w = -5*t - 5*b + 250. What is the greatest common factor of t and 6?
6
Let k(w) = -w**2 - w - 221. Let x be k(0). Let q(a) = -a**3 + a**2 + 11*a - 4. Let d be q(8). Let t = x - d. Calculate the greatest common divisor of 13 and t.
13
Suppose -110*d - 330 = -115*d. What is the highest common factor of d and 132?
66
Let w = -14 + 30. What is the greatest common divisor of w and 48?
16
Let g(r) = 4 - 7*r - 3 - r**2 + 6. Let b be g(-6). Let f(h) = 4*h - 6. Let o be f(8). Calculate the greatest common divisor of o and b.
13
Let p = -29 + 8. Let n = p + 112. Calculate the greatest common divisor of 13 and n.
13
Let n be 4/7*56/16. Let u = -4 + 18. What is the highest common divisor of u and n?
2
Let f be 214/4 + 3 + (-2)/4. Calculate the highest common divisor of 16 and f.
8
Suppose 2*y - 8 = -2*d, 8*y = 3*y + 10. Let m = 16 + -12. Calculate the greatest common factor of d and m.
2
Let j = 3 - 3. Suppose -o = 4*a - 77, j = -2*a - 3*o + 17 + 14. Calculate the greatest common factor of a and 140.
20
Let s = 9 + -5. Let f(u) = u**2 - 3*u + 6. Let o be f(4). What is the highest common factor of s and o?
2
Suppose 0 = 3*x - 6*x + 105. Let c be 2 - ((-2)/(-6) - 50/15). Calculate the highest common divisor of c and x.
5
Suppose 4*k + 0*g - 4*g - 1348 = 0, 0 = -2*k - 3*g + 699. Suppose 0 = 3*c + 3*m - k, -3*m + 49 - 379 = -3*c. Calculate the highest common factor of c and 14.
14
Let l = 84 - 20. Calculate the highest common factor of l and 8.
8
Suppose 4*a - 130 = 62. What is the greatest common divisor of 12 and a?
12
Suppose 5*t = 3*v - 122, -2*t + 0*v = -3*v + 47. Let f be (-2)/5 + (-610)/t. What is the highest common factor of f and 36?
12
Suppose -30 = -2*r + 34. Let j = -17 + r. Calculate the highest common factor of j and 10.
5
Suppose 0 = -k + 31 + 24. Let b = -28 + k. Suppose 0*a + 36 = 2*a. What is the greatest common factor of b and a?
9
Let s(o) = 2*o + 4. Let h be s(5). Let l(k) = 98*k. Let c be l(1). Let n = h + c. Calculate the greatest common factor of n and 14.
14
Let y be 1/4*-11*-48. What is the greatest common factor of 12 and y?
12
Let j(i) = i**3 - 19*i**2 + 3. Let f be j(19). What is the greatest common divisor of 30 and f?
3
Suppose -4*t + 5 + 15 = 0. Let v be ((-5)/(-2))/(1/2). Calculate the highest common factor of t and v.
5
Let f be (3/(-6) + 0)*-6. Suppose 12 = -3*r, 10 = 2*q - f*r + 2*r. What is the highest common divisor of q and 27?
3
Let o = -3 - -1. Let n be 702/10 - o/(-10). Calculate the greatest common factor of 7 and n.
7
Let q be (16/(-20))/(3*(-4)/30). Calculate the highest common factor of q and 18.
2
Let c(v) = v**2 - 3*v - 2. Let n be c(5). What is the greatest common factor of n and 1?
1
Let z(v) = 20*v**2 - 2*v. Let n be z(2). Suppose 0 = -5*r + 3*r + n. Let u be (-633)/(-33) + 10/(-55). What is the greatest common factor of u and r?
19
Let v = 90 - 83. What is the highest common factor of 21 and v?
7
Let g(c) = -c**3 - 4. Let f be g(-2). Calculate the highest common factor of f and 36.
4
Let y(t) = t**2 + 10*t - 2. Let o be y(-11). Suppose o = -5*d + 559. Let n be 0 + 1 + 0 + 21. Calculate the greatest common factor of d and n.
22
Let x(v) = -v**3 + 2*v**2 + v + 2. Let g be x(2). Calculate the highest common factor of 12 and g.
4
Let i = 16 + -19. Let z = 7 + i. Calculate the highest common divisor of z and 36.
4
Suppose 9*t = 12*t - 45. What is the highest common factor of 5 and t?
5
Let h be 2/7 + 237/(-21). Let n be (-90)/h - (-2)/(-11). Calculate the highest common factor of 40 and n.
8
Suppose -n = -0*n - 2. Calculate the greatest common divisor of 2 and n.
2
Let p = 6 + 2. Calculate the greatest common divisor of 20 and p.
4
Let p(d) = 10*d. Let w be p(1). Let t(o) = o**3 - 11*o**2 - 7*o + 10. Let c be t(12). Calculate the greatest common divisor of w and c.
10
Suppose -i + 4*i = 12. What is the highest common factor of 36 and i?
4
Let q be (-8)/28*7*-1. Let x be 1/q - 1035/(-10). Calculate the greatest common divisor of 13 and x.
13
Let a(m) = 5*m**2 + m - 6. Let t be a(2). Calculate the greatest common divisor of t and 16.
16
Suppose 2*x - l + 144 = 42, 0 = -2*l. Let r = -18 + -13. Let c = r - x. What is the greatest common divisor of 80 and c?
20
Let j be (-4)/(-2*(-5)/(-20)). Let v = -8 + 12. Suppose -2*o = -4, -2*p + 142 = 3*o - v*o. Calculate the greatest common divisor of j and p.
8
Suppose -j + 5*j - 144 = 0. Suppose 7*b - j = 3*b. What is the greatest common divisor of 9 and b?
9
Suppose -y + 6 = 2*y. What is the highest common factor of 5 and y?
1
Let d be (0 + -1)*-4 + -2. What is the highest common factor of d and 3?
1
Suppose -2*u - 5*y + y = -248, 2*y = 3*u - 340. Calculate the greatest common divisor of 29 and u.
29
Let n(j) be the first derivative of -5*j**2 + 1. Suppose -5*f - 7 = 2*y - 6*f, y = 5*f - 26. Let o be n(y). Calculate the highest common factor of o and 80.
10
Let q = 12 + 20. What is the highest common divisor of 4 and q?
4
Suppose -2*s - 3*s = -x - 250, -88 = -2*s - 2*x. Calculate the highest common divisor of 7 and s.
7
Let k(p) = 8*p. Let y be k(2). What is the highest common divisor of y and 16?
16
Let d(z) = z + 2. Let p be d(5). Let j be 11/(6/(-7) + 1). What is the highest common factor of p and j?
7
Suppose 4*p = 4*r - 16, 2*r = -5*p + 3*p + 8. What is the highest common divisor of 4 and r?
4
Suppose -41 - 459 = -4*s. Let k(r) = -48*r + 2. Let j be k(-1). What is the highest 